e factors of 34960.
2, 5, 19, 23
What are the prime factors of 16206?
2, 3, 37, 73
What are the prime factors of 680?
2, 5, 17
List the prime factors of 18165.
3, 5, 7, 173
List the prime factors of 140.
2, 5, 7
List the prime factors of 1341.
3, 149
What are the prime factors of 3873?
3, 1291
What are the prime factors of 47999?
7, 6857
List the prime factors of 2009.
7, 41
What are the prime factors of 1448?
2, 181
List the prime factors of 647.
647
What are the prime factors of 1327?
1327
List the prime factors of 87015.
3, 5, 5801
List the prime factors of 48026.
2, 11, 37, 59
What are the prime factors of 1319?
1319
List the prime factors of 2403.
3, 89
What are the prime factors of 2386?
2, 1193
List the prime factors of 171586.
2, 85793
What are the prime factors of 87903?
3, 9767
List the prime factors of 6619.
6619
What are the prime factors of 12615?
3, 5, 29
List the prime factors of 44743.
101, 443
List the prime factors of 1590.
2, 3, 5, 53
What are the prime factors of 923?
13, 71
What are the prime factors of 13192?
2, 17, 97
List the prime factors of 6983.
6983
List the prime factors of 3563.
7, 509
List the prime factors of 735.
3, 5, 7
What are the prime factors of 3485?
5, 17, 41
List the prime factors of 2682.
2, 3, 149
What are the prime factors of 4014?
2, 3, 223
List the prime factors of 615.
3, 5, 41
What are the prime factors of 529?
23
What are the prime factors of 589?
19, 31
List the prime factors of 1150.
2, 5, 23
What are the prime factors of 8209?
8209
List the prime factors of 260.
2, 5, 13
What are the prime factors of 116435?
5, 11, 29, 73
List the prime factors of 2233.
7, 11, 29
What are the prime factors of 7615?
5, 1523
What are the prime factors of 7?
7
What are the prime factors of 18607?
23, 809
List the prime factors of 8184.
2, 3, 11, 31
List the prime factors of 6090.
2, 3, 5, 7, 29
What are the prime factors of 9260?
2, 5, 463
List the prime factors of 512.
2
List the prime factors of 64208.
2, 4013
List the prime factors of 8685.
3, 5, 193
What are the prime factors of 1329?
3, 443
List the prime factors of 14429.
47, 307
List the prime factors of 24.
2, 3
List the prime factors of 5477.
5477
What are the prime factors of 89?
89
List the prime factors of 907.
907
List the prime factors of 16925.
5, 677
What are the prime factors of 60200?
2, 5, 7, 43
List the prime factors of 17343.
3, 41, 47
List the prime factors of 825.
3, 5, 11
List the prime factors of 3153.
3, 1051
What are the prime factors of 46805?
5, 11, 23, 37
What are the prime factors of 27347?
23, 29, 41
List the prime factors of 3804.
2, 3, 317
List the prime factors of 153.
3, 17
List the prime factors of 17601.
3, 5867
What are the prime factors of 3448?
2, 431
What are the prime factors of 970?
2, 5, 97
List the prime factors of 2765.
5, 7, 79
What are the prime factors of 557?
557
List the prime factors of 5025.
3, 5, 67
What are the prime factors of 9481?
19, 499
List the prime factors of 10593.
3, 11, 107
What are the prime factors of 7289?
37, 197
What are the prime factors of 20692?
2, 7, 739
What are the prime factors of 1827?
3, 7, 29
List the prime factors of 54279.
3, 37, 163
List the prime factors of 3553.
11, 17, 19
List the prime factors of 7443.
3, 827
What are the prime factors of 6871?
6871
List the prime factors of 1033.
1033
List the prime factors of 3001.
3001
What are the prime factors of 18314?
2, 9157
What are the prime factors of 1314?
2, 3, 73
List the prime factors of 7901.
7901
What are the prime factors of 18522?
2, 3, 7
What are the prime factors of 15883?
7, 2269
What are the prime factors of 2257?
37, 61
List the prime factors of 3947.
3947
List the prime factors of 7930.
2, 5, 13, 61
What are the prime factors of 86181?
3, 23, 1249
List the prime factors of 237.
3, 79
What are the prime factors of 12229?
7, 1747
What are the prime factors of 14262?
2, 3, 2377
What are the prime factors of 2153?
2153
List the prime factors of 41509.
13, 31, 103
What are the prime factors of 4941?
3, 61
What are the prime factors of 9218?
2, 11, 419
What are the prime factors of 178?
2, 89
What are the prime factors of 852?
2, 3, 71
List the prime factors of 26624.
2, 13
List the prime factors of 4082.
2, 13, 157
List the prime factors of 117508.
2, 29, 1013
What are the prime factors of 22679?
22679
List the prime factors of 4897.
59, 83
What are the prime factors of 1026?
2, 3, 19
List the prime factors of 675.
3, 5
What are the prime factors of 643?
643
List the prime factors of 15383.
15383
What are the prime factors of 11617?
11617
What are the prime factors of 11025?
3, 5, 7
What are the prime factors of 7524?
2, 3, 11, 19
List the prime factors of 19409.
13, 1493
What are the prime factors of 12953?
12953
List the prime factors of 39064.
2, 19, 257
List the prime factors of 2784.
2, 3, 29
List the prime factors of 24977.
24977
What are the prime factors of 342?
2, 3, 19
List the prime factors of 2645.
5, 23
List the prime factors of 55982.
2, 23, 1217
What are the prime factors of 1171?
1171
List the prime factors of 4371.
3, 31, 47
List the prime factors of 23042.
2, 41, 281
List the prime factors of 24329.
24329
What are the prime factors of 4263?
3, 7, 29
List the prime factors of 80060.
2, 5, 4003
What are the prime factors of 5222?
2, 7, 373
List the prime factors of 1805.
5, 19
List the prime factors of 22421.
7, 3203
List the prime factors of 5898.
2, 3, 983
What are the prime factors of 81375?
3, 5, 7, 31
List the prime factors of 49.
7
List the prime factors of 72928.
2, 43, 53
List the prime factors of 2552.
2, 11, 29
List the prime factors of 100077.
3, 33359
List the prime factors of 83126.
2, 89, 467
What are the prime factors of 217?
7, 31
List the prime factors of 3711.
3, 1237
What are the prime factors of 65834?
2, 32917
What are the prime factors of 14916?
2, 3, 11, 113
What are the prime factors of 12909?
3, 13, 331
List the prime factors of 7314.
2, 3, 23, 53
What are the prime factors of 11403?
3, 7, 181
List the prime factors of 28321.
127, 223
What are the prime factors of 11593?
11593
List the prime factors of 26411.
7, 11
List the prime factors of 15325.
5, 613
What are the prime factors of 528?
2, 3, 11
List the prime factors of 26636.
2, 6659
What are the prime factors of 6696?
2, 3, 31
What are the prime factors of 7093?
41, 173
List the prime factors of 36645.
3, 5, 7, 349
What are the prime factors of 15707?
113, 139
What are the prime factors of 8083?
59, 137
What are the prime factors of 85707?
3, 89, 107
List the prime factors of 146508.
2, 3, 29, 421
What are the prime factors of 72?
2, 3
What are the prime factors of 30784?
2, 13, 37
What are the prime factors of 367?
367
What are the prime factors of 27322?
2, 19, 719
What are the prime factors of 2073?
3, 691
List the prime factors of 806.
2, 13, 31
What are the prime factors of 30602?
2, 11, 13, 107
What are the prime factors of 65912?
2, 7, 11, 107
What are the prime factors of 7246?
2, 3623
List the prime factors of 834.
2, 3, 139
What are the prime factors of 25837?
7, 3691
List the prime factors of 1189.
29, 41
What are the prime factors of 1351?
7, 193
What are the prime factors of 14651?
7, 13, 23
What are the prime factors of 76243?
76243
What are the prime factors of 6797?
7, 971
What are the prime factors of 161299?
23, 7013
List the prime factors of 34940.
2, 5, 1747
List the prime factors of 6311.
6311
List the prime factors of 36503.
173, 211
List the prime factors of 55980.
2, 3, 5, 311
What are the prime factors of 13317?
3, 23, 193
List the prime factors of 12426.
2, 3, 19, 109
List the prime factors of 74279.
74279
What are the prime factors of 3585?
3, 5, 239
List the prime factors of 96.
2, 3
List the prime factors of 93097.
93097
List the prime factors of 10088.
2, 13, 97
What are the prime factors of 1198?
2, 599
List the prime factors of 2563.
11, 233
What are the prime factors of 147434?
2, 7, 10531
List the prime factors of 3547.
3547
What are the prime factors of 61598?
2, 19, 1621
What are the prime factors of 30271?
30271
What are the prime factors of 12550?
2, 5, 251
List the prime factors of 74.
2, 37
List the prime factors of 372.
2, 3, 31
List the prime factors of 1561.
7, 223
List the prime